{"id":45,"date":"2025-04-30T14:26:09","date_gmt":"2025-04-30T14:26:09","guid":{"rendered":"https:\/\/klangwasser.com\/?page_id=45"},"modified":"2025-04-30T15:46:59","modified_gmt":"2025-04-30T15:46:59","slug":"45-2","status":"publish","type":"page","link":"https:\/\/klangwasser.com\/index.php\/45-2\/","title":{"rendered":"AGB"},"content":{"rendered":"\n<div class=\"wp-block-group alignfull has-accent-background-color has-background has-global-padding is-layout-constrained wp-container-core-group-is-layout-669513ed wp-block-group-is-layout-constrained\" style=\"margin-top:0;margin-bottom:0;padding-top:var(--wp--preset--spacing--50);padding-right:var(--wp--preset--spacing--50);padding-bottom:var(--wp--preset--spacing--50);padding-left:var(--wp--preset--spacing--50)\">\n<div class=\"wp-block-columns alignwide is-layout-flex wp-container-core-columns-is-layout-1da03c2a wp-block-columns-is-layout-flex\">\n<div class=\"wp-block-column is-vertically-aligned-stretch is-layout-flow wp-block-column-is-layout-flow\" style=\"flex-basis:50%\">\n<div class=\"wp-block-group is-vertical is-content-justification-stretch is-layout-flex wp-container-core-group-is-layout-444d5ee8 wp-block-group-is-layout-flex\" style=\"min-height:100%\">\n<p class=\"has-heading-font-family has-x-large-font-size\" style=\"line-height:1.2\">Terms and Conditions (AGB)<\/p>\n<\/div>\n<\/div>\n\n\n\n<div class=\"wp-block-column is-vertically-aligned-center is-layout-flow wp-block-column-is-layout-flow\" style=\"flex-basis:50%\">\n<figure class=\"wp-block-image size-full is-style-rounded is-style-rounded--1\"><img loading=\"lazy\" decoding=\"async\" width=\"1024\" height=\"1024\" src=\"https:\/\/klangwasser.com\/wp-content\/uploads\/2025\/04\/AGB.jpeg\" alt=\"\" class=\"wp-image-60\" style=\"aspect-ratio:1;object-fit:cover\" srcset=\"https:\/\/klangwasser.com\/wp-content\/uploads\/2025\/04\/AGB.jpeg 1024w, https:\/\/klangwasser.com\/wp-content\/uploads\/2025\/04\/AGB-300x300.jpeg 300w, https:\/\/klangwasser.com\/wp-content\/uploads\/2025\/04\/AGB-150x150.jpeg 150w, https:\/\/klangwasser.com\/wp-content\/uploads\/2025\/04\/AGB-768x768.jpeg 768w\" sizes=\"auto, (max-width: 1024px) 100vw, 1024px\" \/><\/figure>\n<\/div>\n<\/div>\n<\/div>\n\n\n\n<div class=\"wp-block-group alignfull has-base-background-color has-background has-global-padding is-layout-constrained wp-container-core-group-is-layout-d89aad35 wp-block-group-is-layout-constrained\" style=\"margin-top:0;margin-bottom:0;padding-top:var(--wp--preset--spacing--50);padding-right:var(--wp--preset--spacing--50);padding-bottom:var(--wp--preset--spacing--50);padding-left:var(--wp--preset--spacing--50)\">\n<div class=\"wp-block-columns alignwide is-layout-flex wp-container-core-columns-is-layout-549b0c86 wp-block-columns-is-layout-flex\">\n<div class=\"wp-block-column is-layout-flow wp-container-core-column-is-layout-119bc444 wp-block-column-is-layout-flow\" style=\"flex-basis:60%\">\n<div class=\"wp-block-columns is-layout-flex wp-container-core-columns-is-layout-87beb0d0 wp-block-columns-is-layout-flex\">\n<div class=\"wp-block-column is-layout-flow wp-block-column-is-layout-flow\">\n<ol class=\"wp-block-list\">\n<li>Allgemeine Hinweise<br>Die Inhalte dieser Website dienen ausschlie\u00dflich der allgemeinen Information. Sie wurden sorgf\u00e4ltig erstellt, k\u00f6nnen jedoch teilweise oder vollst\u00e4ndig durch automatisierte Systeme, einschlie\u00dflich K\u00fcnstlicher Intelligenz (AI), generiert worden sein. Die Betreiber \u00fcbernehmen keine Gew\u00e4hr f\u00fcr die Aktualit\u00e4t, Richtigkeit, Vollst\u00e4ndigkeit oder Qualit\u00e4t der bereitgestellten Informationen.<br><br><\/li>\n\n\n\n<li>Haftungsausschluss<br>Die Nutzung der Inhalte erfolgt auf eigene Verantwortung. Jegliche Haftung f\u00fcr direkte, indirekte oder Folgesch\u00e4den, die aus der Nutzung oder dem Vertrauen auf die Inhalte dieser Webseite entstehen, ist ausgeschlossen \u2013 auch wenn diese fehlerhaft, unvollst\u00e4ndig oder missverst\u00e4ndlich sein sollten. Insbesondere wird keine Haftung f\u00fcr Entscheidungen \u00fcbernommen, die aufgrund der Inhalte dieser Website getroffen werden.<br><br><\/li>\n\n\n\n<li>Medizinische, therapeutische oder gesundheitsbezogene Aussagen<br>Sofern gesundheitsbezogene Themen, Wirkungsweisen oder Empfehlungen dargestellt werden, handelt es sich nicht um medizinische Ratschl\u00e4ge oder Diagnosen. Die Inhalte ersetzen nicht die Konsultation durch medizinisches oder fachlich qualifiziertes Personal. Nutzer:innen sollten bei gesundheitlichen Fragen stets professionelle Hilfe in Anspruch nehmen.<br><br><\/li>\n\n\n\n<li>AI-generierte Inhalte<br>Teile der Inhalte dieser Webseite k\u00f6nnen mithilfe von AI-gest\u00fctzten Systemen erstellt worden sein. Trotz technischer Fortschritte k\u00f6nnen solche Inhalte ungenaue oder unvollst\u00e4ndige Informationen enthalten. Der Betreiber \u00fcbernimmt hierf\u00fcr keinerlei Haftung und kennzeichnet Inhalte nicht einzeln als AI-generiert.<br><br><\/li>\n\n\n\n<li>Externe Links<br>Diese Webseite kann Links zu externen Webseiten Dritter enthalten. F\u00fcr die Inhalte dieser externen Seiten wird keine Verantwortung \u00fcbernommen.<br><br><\/li>\n\n\n\n<li>\u00c4nderungen der Inhalte und Bedingungen<br>Die Betreiber behalten sich das Recht vor, Inhalte oder diese Nutzungsbedingungen jederzeit und ohne vorherige Ank\u00fcndigung zu \u00e4ndern. Die jeweils aktuelle Version ist auf dieser Seite einsehbar.<\/li>\n<\/ol>\n\n\n\n<p class=\"wp-container-content-9cfa9a5a\">1.3.2025 &#8211; klangwasser.com<\/p>\n<\/div>\n<\/div>\n<\/div>\n<\/div>\n<\/div>\n","protected":false},"excerpt":{"rendered":"<p>Terms and Conditions (AGB) 1.3.2025 &#8211; klangwasser.com<\/p>\n","protected":false},"author":1,"featured_media":0,"parent":0,"menu_order":0,"comment_status":"closed","ping_status":"closed","template":"page-no-title","meta":{"footnotes":""},"class_list":["post-45","page","type-page","status-publish","hentry"],"_links":{"self":[{"href":"https:\/\/klangwasser.com\/index.php\/wp-json\/wp\/v2\/pages\/45","targetHints":{"allow":["GET"]}}],"collection":[{"href":"https:\/\/klangwasser.com\/index.php\/wp-json\/wp\/v2\/pages"}],"about":[{"href":"https:\/\/klangwasser.com\/index.php\/wp-json\/wp\/v2\/types\/page"}],"author":[{"embeddable":true,"href":"https:\/\/klangwasser.com\/index.php\/wp-json\/wp\/v2\/users\/1"}],"replies":[{"embeddable":true,"href":"https:\/\/klangwasser.com\/index.php\/wp-json\/wp\/v2\/comments?post=45"}],"version-history":[{"count":6,"href":"https:\/\/klangwasser.com\/index.php\/wp-json\/wp\/v2\/pages\/45\/revisions"}],"predecessor-version":[{"id":67,"href":"https:\/\/klangwasser.com\/index.php\/wp-json\/wp\/v2\/pages\/45\/revisions\/67"}],"wp:attachment":[{"href":"https:\/\/klangwasser.com\/index.php\/wp-json\/wp\/v2\/media?parent=45"}],"curies":[{"name":"wp","href":"https:\/\/api.w.org\/{rel}","templated":true}]}}